{"id":11,"date":"2021-12-02T04:47:17","date_gmt":"2021-12-02T04:47:17","guid":{"rendered":"https:\/\/tingriley.com\/?page_id=11"},"modified":"2023-10-26T13:56:48","modified_gmt":"2023-10-26T13:56:48","slug":"about","status":"publish","type":"page","link":"https:\/\/tingriley.com\/index.php\/about\/","title":{"rendered":"About"},"content":{"rendered":"\n<hr class=\"wp-block-separator has-css-opacity\"\/>\n\n\n\n<p>\u5728\u6211\u7684\u4eba\u751f\u4e2d\u66fe\u6709\u6bb5\u975e\u5e38\u7279\u5225\u7684\u7d93\u6b77\u3002\u6211\u8207\u8fa6\u516c\u5ba4\u6700\u5e74\u9577\u7684\u540c\u4e8b\u8aaa\u53f0\u8a9e\uff0c\u548c\u5de5\u7a0b\u5e2b\u4e2d\u82f1\u53f0\u593e\u96dc\u8a0e\u8ad6\u5de5\u4f5c\u4e0a\u7684\u554f\u984c\uff0c\u8ddf\u5ba2\u6236\u7528\u82f1\u6587\u8ac7\u751f\u610f\u3002\u8207\u5916\u570b\u540c\u4e8b\u73a9\u7968\u5730\u5b78\u6cd5\u6587\uff0c\u518d\u7528\u6211\u7684\u7834\u5fb7\u6587\u786c\u7ffb\u8b6f\u6210\u8377\u862d\u6587\u8ddf\u53e6\u4e00\u4f4d\u5916\u570b\u540c\u4e8b\u6e9d\u901a\uff0c\u5c31\u9019\u6a23\u904e\u4e86\u4e09\u500b\u6708\u5de6\u53f3\u7684\u6642\u9593\u3002\u4e00\u65e5\uff0c\u6211\u8207\u6cd5\u6587\u6bcd\u8a9e\u8005\u51fa\u904a\uff0c\u7576\u5929\u665a\u4e0a\u6211\u60f3\u554f\u5979\u7d2f\u4e0d\u7d2f\uff0c\u65bc\u662f\u6211\u812b\u53e3\u800c\u51faTu n&#8217;es pas fatigu\u00e9e?\u7576\u6642\u7684\u6211\u8457\u5be6\u88ab\u81ea\u5df1\u5687\u4e86\u4e00\u8df3&#8211;\u539f\u4f86\u5b78\u8a9e\u8a00\u9019\u9ebc\u7c21\u55ae\u5440!<br><br>\u90a3\u4e00\u523b\u8d77\uff0c\u6211\u610f\u8b58\u5230\u6216\u8a31\u6211\u5011\u90fd\u7528\u932f\u8aa4\u7684\u65b9\u6cd5\u5728\u5b78\u7fd2\u8a9e\u8a00\uff0c\u4e0d\u4f46\u8017\u8cbb\u5927\u91cf\u91d1\u9322\u548c\u6642\u9593\u4e14\u6548\u7387\u4e0d\u5f70\u3002\u6211\u958b\u59cb\u8a8d\u771f\u601d\u8003\u4e26\u627e\u5c0b\u66f4\u6709\u6548\u7387\u7684\u5b78\u7fd2\u65b9\u6cd5\u3002\u5f9e\u591a\u8a9e\u8005(polyglot)\u7684\u7d93\u9a57\u4e2d\u6574\u5408\u51fa\u9069\u5408\u81ea\u5df1\u7684\u65b9\u5f0f\u3002<br><br>\u9019\u500b\u90e8\u843d\u683c\u662f\u6211\u7684\u5be6\u9a57\u8a08\u756b\uff0c\u6211\u53ea\u662f\u60f3\u5206\u4eab\u6211\u7684\u5b78\u7fd2\u6b77\u7a0b\u3002\u5e0c\u671b\u53ef\u4ee5\u5e36\u7d66\u5927\u5bb6\u4e0d\u540c\u7684\u60f3\u6cd5\u8207\u555f\u767c\u3002<\/p>\n\n\n\n<p>\u5f9e\u5b78\u7fd2\u8a9e\u8a00\u7684\u6b77\u7a0b\u4e2d\uff0c\u8b93\u6211\u6df1\u523b\u611f\u53d7\u5230\uff0c\u6210\u529f\u4e0d\u5728\u65bc\u5929\u8ce6\u6216\u52aa\u529b\uff0c\u5b78\u7fd2\u65b9\u6cd5\u7684\u6709\u6548\u6027\u624d\u662f\u6210\u529f\u7684\u95dc\u9375\u3002<\/p>\n\n\n\n<hr class=\"wp-block-separator has-alpha-channel-opacity\"\/>\n\n\n\n<p>\u8a18\u61b6\u529b\u662f\u5f71\u97ff\u5b78\u7fd2\u6210\u6548\u7684\u91cd\u5927\u6307\u6a19\uff0c\u552f\u6709\u6df1\u523b\u4e86\u89e3\u8a18\u61b6\u529b\u5982\u4f55\u5f62\u6210\uff0c\u65b9\u80fd\u63d0\u5347\u5b78\u7fd2\u6548\u7387\u3002<br>Learning a language requires a thorough understanding of of how memories are formed.<br>Das Erlernen einer Sprache erfordert ein gr\u00fcndliches Verst\u00e4ndnis der Ged\u00e4chtnisbildung.<br>L&#8217;apprentissage d&#8217;une langue n\u00e9cessite une compr\u00e9hension approfondie de la formation de la m\u00e9moire.<br><\/p>\n","protected":false},"excerpt":{"rendered":"<p>\u5728\u6211\u7684\u4eba\u751f\u4e2d\u66fe\u6709\u6bb5\u975e\u5e38\u7279\u5225\u7684\u7d93\u6b77\u3002\u6211\u8207\u8fa6\u516c\u5ba4\u6700\u5e74\u9577\u7684\u540c\u4e8b\u8aaa\u53f0\u8a9e\uff0c\u548c\u5de5\u7a0b\u5e2b\u4e2d\u82f1\u53f0\u593e\u96dc\u8a0e\u8ad6\u5de5\u4f5c\u4e0a\u7684\u554f\u984c\uff0c\u8ddf\u5ba2\u6236\u7528\u82f1\u6587\u8ac7\u751f\u610f\u3002\u8207\u5916\u570b\u540c\u4e8b\u73a9\u7968\u5730\u5b78\u6cd5\u6587\uff0c\u518d\u7528\u6211\u7684\u7834\u5fb7\u6587\u786c\u7ffb\u8b6f\u6210\u8377\u862d\u6587\u8ddf\u53e6\u4e00\u4f4d\u5916\u570b\u540c\u4e8b\u6e9d\u901a\uff0c\u5c31\u9019\u6a23\u904e\u4e86\u4e09\u500b\u6708\u5de6\u53f3\u7684\u6642\u9593\u3002\u4e00\u65e5\uff0c\u6211\u8207\u6cd5\u6587\u6bcd\u8a9e\u8005\u51fa\u904a\uff0c\u7576\u5929\u665a\u4e0a\u6211\u60f3\u554f\u5979\u7d2f\u4e0d\u7d2f\uff0c\u65bc\u662f\u6211\u812b\u53e3\u800c\u51faTu n&#8217;es pas fatigu\u00e9e?\u7576\u6642\u7684\u6211\u8457\u5be6\u88ab\u81ea\u5df1\u5687\u4e86\u4e00\u8df3&#8211;\u539f\u4f86\u5b78\u8a9e\u8a00\u9019\u9ebc\u7c21\u55ae\u5440! \u90a3\u4e00\u523b\u8d77\uff0c\u6211\u610f\u8b58\u5230\u6216\u8a31\u6211\u5011\u90fd\u7528\u932f\u8aa4\u7684\u65b9\u6cd5\u5728\u5b78\u7fd2\u8a9e\u8a00\uff0c\u4e0d\u4f46\u8017\u8cbb\u5927\u91cf\u91d1\u9322\u548c\u6642\u9593\u4e14\u6548\u7387\u4e0d\u5f70\u3002\u6211\u958b\u59cb\u8a8d\u771f\u601d\u8003\u4e26\u627e\u5c0b\u66f4\u6709\u6548\u7387\u7684\u5b78\u7fd2\u65b9\u6cd5\u3002\u5f9e\u591a\u8a9e\u8005(polyglot)\u7684\u7d93\u9a57\u4e2d\u6574\u5408\u51fa\u9069\u5408\u81ea\u5df1\u7684\u65b9\u5f0f\u3002 \u9019\u500b\u90e8\u843d\u683c\u662f\u6211\u7684\u5be6\u9a57\u8a08\u756b\uff0c\u6211\u53ea\u662f\u60f3\u5206\u4eab\u6211\u7684\u5b78\u7fd2\u6b77\u7a0b\u3002\u5e0c\u671b\u53ef\u4ee5\u5e36\u7d66\u5927\u5bb6\u4e0d\u540c\u7684\u60f3\u6cd5\u8207\u555f\u767c\u3002 \u5f9e\u5b78\u7fd2\u8a9e\u8a00\u7684\u6b77\u7a0b\u4e2d\uff0c\u8b93\u6211\u6df1\u523b\u611f\u53d7\u5230\uff0c\u6210\u529f\u4e0d\u5728\u65bc\u5929\u8ce6\u6216\u52aa\u529b\uff0c\u5b78\u7fd2\u65b9\u6cd5\u7684\u6709\u6548\u6027\u624d\u662f\u6210\u529f\u7684\u95dc\u9375\u3002 \u8a18\u61b6\u529b\u662f\u5f71\u97ff\u5b78\u7fd2\u6210\u6548\u7684\u91cd\u5927\u6307\u6a19\uff0c\u552f\u6709\u6df1\u523b\u4e86\u89e3\u8a18\u61b6\u529b\u5982\u4f55\u5f62\u6210\uff0c\u65b9\u80fd\u63d0\u5347\u5b78\u7fd2\u6548\u7387\u3002Learning a language requires a thorough understanding of of how memories are formed.Das Erlernen einer Sprache erfordert ein gr\u00fcndliches Verst\u00e4ndnis der Ged\u00e4chtnisbildung.L&#8217;apprentissage d&#8217;une langue n\u00e9cessite une compr\u00e9hension approfondie de la formation de la m\u00e9moire.<\/p>\n<p class=\"continue-reading-button\"> <a class=\"continue-reading-link\" href=\"https:\/\/tingriley.com\/index.php\/about\/\">Continue reading<i class=\"crycon-right-dir\"><\/i><\/a><\/p>\n","protected":false},"author":1,"featured_media":0,"parent":0,"menu_order":0,"comment_status":"closed","ping_status":"closed","template":"","meta":{"om_disable_all_campaigns":false,"_monsterinsights_skip_tracking":false,"_monsterinsights_sitenote_active":false,"_monsterinsights_sitenote_note":"","_monsterinsights_sitenote_category":0,"footnotes":""},"class_list":["post-11","page","type-page","status-publish","hentry"],"aioseo_notices":[],"_links":{"self":[{"href":"https:\/\/tingriley.com\/index.php\/wp-json\/wp\/v2\/pages\/11","targetHints":{"allow":["GET"]}}],"collection":[{"href":"https:\/\/tingriley.com\/index.php\/wp-json\/wp\/v2\/pages"}],"about":[{"href":"https:\/\/tingriley.com\/index.php\/wp-json\/wp\/v2\/types\/page"}],"author":[{"embeddable":true,"href":"https:\/\/tingriley.com\/index.php\/wp-json\/wp\/v2\/users\/1"}],"replies":[{"embeddable":true,"href":"https:\/\/tingriley.com\/index.php\/wp-json\/wp\/v2\/comments?post=11"}],"version-history":[{"count":33,"href":"https:\/\/tingriley.com\/index.php\/wp-json\/wp\/v2\/pages\/11\/revisions"}],"predecessor-version":[{"id":712,"href":"https:\/\/tingriley.com\/index.php\/wp-json\/wp\/v2\/pages\/11\/revisions\/712"}],"wp:attachment":[{"href":"https:\/\/tingriley.com\/index.php\/wp-json\/wp\/v2\/media?parent=11"}],"curies":[{"name":"wp","href":"https:\/\/api.w.org\/{rel}","templated":true}]}}